actor of b and 18.
9
Let k = -10567 + 10671. Calculate the highest common divisor of 962 and k.
26
Let f = 9296 - 8246. Calculate the greatest common divisor of 546 and f.
42
Let g = 837 - 402. Let z = g + -299. Suppose -219 = -5*w - 2*n + 3*n, 0 = -3*w - 4*n + z. Calculate the highest common factor of 4 and w.
4
Let k be 1669 + -4*-3*11/(-44). Calculate the greatest common divisor of k and 126.
14
Suppose -3104*q - 95760 = -3119*q. What is the highest common divisor of 8 and q?
8
Suppose -56*v + 24619 = -16149. What is the highest common factor of v and 910?
182
Let o(f) = 14*f - 51. Let b be o(4). Suppose -3*l - 385 = -b*g - 8*l, -3*g = 5*l - 241. Calculate the greatest common factor of 9 and g.
9
Let v be ((-3)/(-6) + -2)/((-57)/190). Let k be (-25 + v)*(-35 + -5). What is the greatest common factor of 16 and k?
16
Let z(k) = -2*k**3 + 58*k**2 + k + 46. Let f be z(29). Calculate the highest common factor of 6015 and f.
15
Suppose a - 30 = -3. Let d be (a/6)/((-10)/(-40)). Calculate the highest common divisor of 6 and d.
6
Let q(v) = -2*v + 123. Let c be q(24). Let a = c + 79. Calculate the greatest common factor of a and 88.
22
Suppose -g + 46 = 18. Let q = 33 - g. Suppose -5*a = 2*l - 53 - 6, 3*l = -q*a + 101. Calculate the greatest common factor of l and 28.
14
Let x(h) = 3*h + 108. Let o be x(-22). Suppose -164*s + 157*s = -1029. What is the highest common divisor of s and o?
21
Let y = -240 + 243. Suppose 5 = -r, 0 = y*v - 4*v + 5*r + 55. Calculate the highest common divisor of 135 and v.
15
Let h = -10616 + 10631. What is the greatest common factor of h and 9465?
15
Let j = 33 + -29. Suppose j*s - 81 = 3. Suppose -7*y + 2352 = 9*y. Calculate the greatest common divisor of y and s.
21
Let b be 966/(-690) - 364/(-10). Let s be -15*(-4)/6*7. What is the highest common divisor of s and b?
35
Suppose 0 = -5*h - 0*h + 640. Suppose -m - 17 = -19. Suppose -d - c = -14, -86 = -5*d + m*c - 2. Calculate the greatest common factor of d and h.
16
Let d(a) = 13*a**2 - 202*a + 96. Let y be d(18). What is the highest common factor of 560 and y?
112
Suppose -1 - 95 = -2*w. Let l = -576 - -592. What is the highest common factor of w and l?
16
Let c be ((-1)/(-3))/((-438)/(-216) + -2). Let b(p) = 8*p - 71. Let h be b(c). Calculate the highest common factor of 5 and h.
5
Let h be (8/4)/(2/55). Let m = 101 - h. Suppose 3*w = -v - 10, -5*v + 184*w - 180*w + 26 = 0. Calculate the highest common factor of m and v.
2
Let x(r) = -36*r + 220. Let m be x(3). Calculate the highest common factor of 49 and m.
7
Suppose 110*p = 30*p + 1556 + 4444. What is the greatest common factor of p and 120?
15
Suppose 2*r - 289 = -3*l - 2*l, -2*r - 167 = -3*l. Let v(u) = u**3 - u**2 - 39*u + 225. Let w be v(6). What is the greatest common factor of l and w?
57
Let x = -496 - -498. Suppose -2*h + m + 826 = h, -m - 551 = -x*h. Calculate the greatest common divisor of 165 and h.
55
Suppose 4*w - 5*w - 803 = 4*o, -3*o + w = 604. Let z = -173 - o. Suppose 5*k = 31 + 9. Calculate the greatest common factor of k and z.
4
Suppose -5124*b + 554 = -5122*b - 3*k, -2*k = 2*b - 514. Let o = 4 - -1. What is the highest common factor of b and o?
5
Let y be (2/5)/(11/(-55)). Let g(z) = -6*z**3 - 2*z**2 + z + 3. Let v be g(y). Let a be v + 3/2*8/12. Calculate the highest common divisor of 14 and a.
14
Suppose 0 = 12*s - 27*s + 55320. Calculate the greatest common factor of 16 and s.
8
Let b = -8873 + 9013. Let r = 171 - 87. What is the highest common factor of b and r?
28
Let r(y) = -2*y**2 + 6*y + 10. Suppose -8 = -2*a - 0. Let n be r(a). Let h be (28/(-16))/(n/(-16)). What is the greatest common divisor of h and 7?
7
Let v(m) = m**3 + 24*m**2 - 44*m - 1398. Let j be v(-23). Calculate the greatest common factor of 517 and j.
11
Let u(l) = -19*l**2 + 802*l + 72. Let y be u(41). Calculate the greatest common divisor of 87 and y.
29
Let s = 440 - 339. Suppose 0 = 8*o + s - 309. Let x be (-13)/(-1 - 0)*10. What is the greatest common factor of x and o?
26
Suppose 0 = 14*y + 5254 - 34248. Calculate the highest common divisor of 545 and y.
109
Let z = -38263 + 39418. Calculate the highest common factor of 70 and z.
35
Let w be (-6)/(-3)*121/2. Suppose 21*c = -941 - 1999. Let j = -129 - c. Calculate the greatest common factor of j and w.
11
Let b = 2973 - 1619. Let r = b - 952. Suppose 2*v + 50 = r. What is the highest common factor of v and 16?
16
Let x(h) = h + 69. Suppose -24*t = -29*t + 105. Let u be x(t). What is the greatest common factor of 120 and u?
30
Let g(b) = -3*b - 4*b**3 - 4 - 35*b**2 + 17*b**2 + b + 7*b + 17*b**2. Let q be g(-3). Calculate the greatest common factor of q and 20.
20
Let d be -354*(-10)/(-120)*-2. What is the highest common factor of d and 8791?
59
Let d(g) = -13*g**3 - g**2 - 3*g + 2. Let q be d(-2). Let f = 46 + -46. Suppose 2*l + f*l - 24 = 0. Calculate the highest common divisor of l and q.
12
Let b be 133/(-7) - 5/1. Let k be 11 - (0 + 3)/(b/32). Let o be (-9)/(-2)*6*5. What is the highest common factor of o and k?
15
Suppose 0 = -5*x + 9*c - 4*c + 3910, -c = 5*x - 3910. Calculate the highest common factor of x and 4.
2
Suppose 247 = 1577*a - 1564*a. Suppose 5*d - 40 = -15. Suppose 5*f + 12 = 2*f, 0 = -d*y - 2*f + 372. Calculate the greatest common factor of y and a.
19
Let y(k) = 200*k + 14835. Let p be y(-74). Let v = -44 + 79. Calculate the highest common divisor of v and p.
35
Let p = -6 - -6. Suppose p = 5*a - 8*a + 621. Suppose 10*y - 12*y = -8, 5*y = -2*l + 66. What is the greatest common factor of a and l?
23
Let n = -31890 - -31975. Calculate the highest common factor of n and 890.
5
Suppose -127 = -w - 3*p, -34*p = 5*w - 37*p - 725. What is the greatest common divisor of w and 22?
2
Let z(s) = 4*s**2 + 54*s + 50. Let d be z(-21). Calculate the greatest common factor of d and 3672.
136
Let y = -11647 - -11674. Let q be (10/15)/((-4)/(-54)). Calculate the greatest common factor of q and y.
9
Let z = 5143 - 4714. What is the highest common divisor of 273 and z?
39
Suppose -19*o + 240 = -9*o. Suppose 4*x = -4*l + 7 + 5, -2*x + 31 = -3*l. What is the greatest common factor of x and o?
8
Suppose -36 = -5*a - 1. Let y(p) = p**2 - 19 - a*p**3 + 11 - p + 10 + 0*p. Let f be y(-2). Calculate the greatest common divisor of 16 and f.
16
Let l(x) = -x**2 - 17*x - 20. Let c be l(-16). Let k be (c/(-6))/(6/(-261)). Let q = k - -44. Calculate the highest common factor of q and 165.
15
Let o = -594 - -1001. Let y = -241669 + 241680. What is the greatest common divisor of y and o?
11
Suppose -2*p = -3*b - 103 - 251, 357 = -3*b + p. Suppose v = 2*v - 5*k - 109, 2*v = 5*k + 243. Let r = v + b. Calculate the greatest common divisor of r and 21.
7
Let c(u) = 15*u**2 - 489*u - 179. Let d be c(33). Let v be 94 - 4/(-2) - 1. What is the highest common factor of v and d?
19
Let c = 25795 + -23047. Calculate the highest common factor of c and 144.
12
Let v be (12/(-18))/((-10)/135). Suppose v*a = -17 + 71. Calculate the greatest common divisor of a and 8.
2
Suppose -5*r + 4*h = 70, -r - 3*h = -2*r - 25. Let v be 4646/115 - (-4)/r. Calculate the greatest common factor of v and 760.
40
Suppose -3*w + 4645 = 2*w. Suppose -7*b = w - 82. Let j = 186 + b. Calculate the greatest common divisor of 26 and j.
13
Let d be ((-48048)/27)/(-7) - 4/18. Suppose -32 = -11*y + d. What is the greatest common divisor of 416 and y?
26
Let v = -539 + 545. Suppose -24 = -w + 2*o, o = v*o - 20. Calculate the greatest common divisor of w and 368.
16
Suppose 16*j + 5 = 11*j. Let z(g) = -1. Let x(w) = -27*w. Let b(q) = x(q) - 4*z(q). Let n be b(j). What is the highest common divisor of 93 and n?
31
Let v(n) = -2*n**3 - 5*n**2 - n + 4. Let h be v(-4). Suppose 2*y + 4*c + 2012 = 6*y, -5*y + c = -2519. What is the greatest common factor of y and h?
56
Suppose x = 323 + 51. Suppose 2*s + x = 4*b, 3*b + 2*b - 5*s = 480. Calculate the highest common divisor of b and 7.
7
Suppose -5*k = -6*k + 1024. Suppose 0 = -54*c - 78*c - 96*c + 3648. What is the highest common divisor of c and k?
16
Let i(p) = -p**3 + 6*p**2 - 15*p + 3. Let t be i(6). Let c = 93 + t. What is the greatest common divisor of 14 and c?
2
Let j = 15 + -33. Let x = j - -19. Let k be -6*(-46)/6 - (0 + x). What is the greatest common factor of k an